{"id":69,"date":"2020-07-02T11:36:03","date_gmt":"2020-07-02T09:36:03","guid":{"rendered":"http:\/\/gok.dwikozy.gmina.pl\/?page_id=69"},"modified":"2026-04-17T08:55:34","modified_gmt":"2026-04-17T06:55:34","slug":"strona-glowna","status":"publish","type":"page","link":"https:\/\/gok.dwikozy.gmina.pl\/","title":{"rendered":"Strona G\u0142\u00f3wna"},"content":{"rendered":"<div class=\"wp-block-image\">\n<figure class=\"aligncenter size-large\"><img loading=\"lazy\" decoding=\"async\" width=\"724\" height=\"1024\" src=\"https:\/\/gok.dwikozy.gmina.pl\/wp-content\/uploads\/2026\/04\/Plakat-24.04.2026-v2-1-724x1024.jpg\" alt=\"\" class=\"wp-image-1113\" srcset=\"https:\/\/gok.dwikozy.gmina.pl\/wp-content\/uploads\/2026\/04\/Plakat-24.04.2026-v2-1-724x1024.jpg 724w, https:\/\/gok.dwikozy.gmina.pl\/wp-content\/uploads\/2026\/04\/Plakat-24.04.2026-v2-1-212x300.jpg 212w, https:\/\/gok.dwikozy.gmina.pl\/wp-content\/uploads\/2026\/04\/Plakat-24.04.2026-v2-1-768x1086.jpg 768w, https:\/\/gok.dwikozy.gmina.pl\/wp-content\/uploads\/2026\/04\/Plakat-24.04.2026-v2-1-1086x1536.jpg 1086w, https:\/\/gok.dwikozy.gmina.pl\/wp-content\/uploads\/2026\/04\/Plakat-24.04.2026-v2-1-1449x2048.jpg 1449w, https:\/\/gok.dwikozy.gmina.pl\/wp-content\/uploads\/2026\/04\/Plakat-24.04.2026-v2-1-scaled.jpg 1811w\" sizes=\"auto, (max-width: 724px) 100vw, 724px\" \/><\/figure>\n<\/div>\n\n\n<figure class=\"wp-block-image size-large\"><img loading=\"lazy\" decoding=\"async\" width=\"1024\" height=\"581\" src=\"https:\/\/gok.dwikozy.gmina.pl\/wp-content\/uploads\/2026\/03\/Orlen-konkursy-1024x581.jpg\" alt=\"\" class=\"wp-image-1098\" srcset=\"https:\/\/gok.dwikozy.gmina.pl\/wp-content\/uploads\/2026\/03\/Orlen-konkursy-1024x581.jpg 1024w, https:\/\/gok.dwikozy.gmina.pl\/wp-content\/uploads\/2026\/03\/Orlen-konkursy-300x170.jpg 300w, https:\/\/gok.dwikozy.gmina.pl\/wp-content\/uploads\/2026\/03\/Orlen-konkursy-768x436.jpg 768w, https:\/\/gok.dwikozy.gmina.pl\/wp-content\/uploads\/2026\/03\/Orlen-konkursy-1536x871.jpg 1536w, https:\/\/gok.dwikozy.gmina.pl\/wp-content\/uploads\/2026\/03\/Orlen-konkursy-2048x1162.jpg 2048w\" sizes=\"auto, (max-width: 1024px) 100vw, 1024px\" \/><\/figure>\n\n\n\n<p class=\"has-text-align-left\"><strong>Zapraszamy do udzia\u0142u w konkursach organizowanych przez GOK w Dwikozach<\/strong>.<br>Konkursy s\u0105 cz\u0119\u015bci\u0105 projektu &#8222;Wyzwalamy Tw\u00f3rcz\u0105 energi\u0119&#8221;, wsp\u00f3\u0142finansowanego ze \u015brodk\u00f3w<br>Fundacji ORLEN im. Ignacego \u0141ukasiewicza.<br><br>Regulaminy i karty zg\u0142osze\u0144 w konkursach:<\/p>\n\n\n\n<p class=\"has-text-align-left\"><a href=\"http:\/\/gok.dwikozy.gmina.pl\/wp-content\/uploads\/2026\/03\/KONKURS-PLASTYCZNY-.pdf\" data-type=\"link\" data-id=\"http:\/\/gok.dwikozy.gmina.pl\/wp-content\/uploads\/2026\/03\/KONKURS-PLASTYCZNY-.pdf\" target=\"_blank\" rel=\"noreferrer noopener\">Konkurs plastyczny &#8222;Portret &#8211; abstrakcja&#8221;<\/a><\/p>\n\n\n\n<p class=\"has-text-align-left\"><a href=\"http:\/\/gok.dwikozy.gmina.pl\/wp-content\/uploads\/2026\/03\/KONKURS-ROLKA-.pdf\" data-type=\"link\" data-id=\"http:\/\/gok.dwikozy.gmina.pl\/wp-content\/uploads\/2026\/03\/KONKURS-ROLKA-.pdf\" target=\"_blank\" rel=\"noreferrer noopener\">Konkurs Rolka &#8211; \u201eNaturalnie rozbawieni\u201d<\/a><\/p>\n\n\n\n<p class=\"has-text-align-left\"><a href=\"http:\/\/gok.dwikozy.gmina.pl\/wp-content\/uploads\/2026\/03\/ORLEN-logo.jpg\" data-type=\"link\" data-id=\"http:\/\/gok.dwikozy.gmina.pl\/wp-content\/uploads\/2026\/03\/ORLEN-logo.jpg\" target=\"_blank\" rel=\"noreferrer noopener\">logo Fundacji Orlen do pobrania<\/a><br><br>Zach\u0119camy do udzia\u0142u w konkursach! Na zwyci\u0119zc\u00f3w oraz uczestnik\u00f3w konkurs\u00f3w czekaj\u0105 atrakcyjne nagrody!<\/p>\n\n\n\n<p class=\"has-text-align-left\"><\/p>\n\n\n\n<p><\/p>\n\n\n\n<p class=\"has-text-align-center\">***********************************************<\/p>\n\n\n\n<figure class=\"wp-block-image size-large\"><img loading=\"lazy\" decoding=\"async\" width=\"1024\" height=\"724\" src=\"https:\/\/gok.dwikozy.gmina.pl\/wp-content\/uploads\/2025\/10\/ogloszenie-aerobik-2025-1024x724.jpg\" alt=\"\" class=\"wp-image-1009\" srcset=\"https:\/\/gok.dwikozy.gmina.pl\/wp-content\/uploads\/2025\/10\/ogloszenie-aerobik-2025-1024x724.jpg 1024w, https:\/\/gok.dwikozy.gmina.pl\/wp-content\/uploads\/2025\/10\/ogloszenie-aerobik-2025-300x212.jpg 300w, https:\/\/gok.dwikozy.gmina.pl\/wp-content\/uploads\/2025\/10\/ogloszenie-aerobik-2025-768x543.jpg 768w, https:\/\/gok.dwikozy.gmina.pl\/wp-content\/uploads\/2025\/10\/ogloszenie-aerobik-2025-1536x1086.jpg 1536w, https:\/\/gok.dwikozy.gmina.pl\/wp-content\/uploads\/2025\/10\/ogloszenie-aerobik-2025.jpg 1920w\" sizes=\"auto, (max-width: 1024px) 100vw, 1024px\" \/><\/figure>\n\n\n\n<p class=\"has-text-align-center\"><\/p>\n\n\n\n<p class=\"has-text-align-center\"><\/p>\n\n\n<hr>\n<p><img loading=\"lazy\" decoding=\"async\" class=\"aligncenter wp-image-76 size-full\" src=\"http:\/\/gok.dwikozy.gmina.pl\/wp-content\/uploads\/2020\/07\/2014012910024428840300.jpg\" alt=\"\" width=\"994\" height=\"466\" srcset=\"https:\/\/gok.dwikozy.gmina.pl\/wp-content\/uploads\/2020\/07\/2014012910024428840300.jpg 994w, https:\/\/gok.dwikozy.gmina.pl\/wp-content\/uploads\/2020\/07\/2014012910024428840300-300x141.jpg 300w, https:\/\/gok.dwikozy.gmina.pl\/wp-content\/uploads\/2020\/07\/2014012910024428840300-768x360.jpg 768w\" sizes=\"auto, (max-width: 994px) 100vw, 994px\" \/><\/p>\n<p style=\"text-align: center;\">Gminny O\u015brodek Kultury mie\u015bci si\u0119 w budynku Urz\u0119du Gminy w Dwikozach<\/p>\n<p style=\"text-align: center;\">Dane teleadresowe: ul. Sp\u00f3\u0142dzielcza 15, 27-620 Dwikozy<br \/>tel (15) 83 11 815 e-mail: gok@dwikozy.gmina.pl<br \/>www.gok.dwikozy.gmina.pl<\/p>\n<p><a href=\"https:\/\/gok_dwikozy.bip.gov.pl\/\" target=\"NEW\" rel=\"noopener noreferrer\"><img decoding=\"async\" class=\"aligncenter\" src=\"http:\/\/gok.dwikozy.gmina.pl\/wp-content\/uploads\/2020\/07\/2016050411252210180900.jpg\" alt=\"Biuletyn Informacji Publicznej\"><\/a><\/p>\n<p><a href=\"https:\/\/epuap.gov.pl\/wps\/portal\/strefa-klienta\/katalog-spraw\/profil-urzedu\/gok_dwikozy\" target=\"NEW\" rel=\"noopener noreferrer\"><img loading=\"lazy\" decoding=\"async\" class=\"aligncenter\" src=\"http:\/\/gok.dwikozy.gmina.pl\/wp-content\/uploads\/2020\/07\/2019102810524123082800.jpg\" alt=\"EPUAP\" width=\"255\" height=\"49\"><\/a><\/p>\n<h5 style=\"text-align: center;\">(Aby przes\u0142a\u0107 pismo przy u\u017cyciu platformy ePUAP zalecamy wybra\u0107:<br \/>SPRAWY OG\u00d3LNE &gt; Pisma do urz\u0119du &gt; Pismo og\u00f3lne do podmiotu publicznego<br \/>lub Udost\u0119pnianie informacji publicznej)<\/h5>\n<p style=\"text-align: center;\">Adres do e-Dor\u0119cze\u0144:&nbsp; AE:PL-19720-33671-SHVWI-25<\/p>\n<p style=\"text-align: center;\">\n<p><strong>Gminny O\u015brodek Kultury w Dwikozach jest gminn\u0105 instytucj\u0105 kultury.<\/strong><br \/>Dzia\u0142a w szczeg\u00f3lno\u015bci na podstawie:<br \/>1) ustawy z dnia 25 pa\u017adziernika 1991 roku o organizowaniu i prowadzeniu dzia\u0142alno\u015bci kulturalnej \/tekst jednol. Dz.U. z 1997r. Nr 110, poz. 721 z p\u00f3\u017aniejszymi zmianami\/,<br \/>2) ustawy z dnia 29 wrze\u015bnia 1994 roku o rachunkowo\u015bci \/ Dz.U. Nr 121, poz. 591 z p\u00f3\u017aniejszymi zmianami\/,<br \/>3) postanowie\u0144 Statutu.<br \/><strong>Podstawowym zadaniem Gminnego O\u015brodka Kultury jest zaspokajanie potrzeb i aspiracji kulturalnych spo\u0142ecze\u0144stwa poprzez tworzenie i upowszechnianie r\u00f3\u017cnych dziedzin kultury oraz sztuki profesjonalnej i amatorskiej.<\/strong><br \/>Do zada\u0144 Gminnego O\u015brodka Kultury nale\u017cy w szczeg\u00f3lno\u015bci:<br \/>a) edukacja kulturalna i wychowanie przez sztuk\u0119,<br \/>b) tworzenie warunk\u00f3w dla rozwoju amatorskiego ruchu kulturalnego oraz rozwoju folkloru i sztuki ludowej,<br \/>c) rozpoznawanie, rozbudzanie i zaspokajanie potrzeb oraz zainteresowa\u0144 kulturalnych \u015brodowiska,<br \/>d) propagowanie indywidualnej aktywno\u015bci kulturalnej,<br \/>e) organizowanie imprez kulturalnych,<br \/>f) prowadzenie sekcji i zespo\u0142\u00f3w zainteresowa\u0144,<br \/>g) organizowanie koncert\u00f3w, konkurs\u00f3w i przegl\u0105d\u00f3w,<br \/>h) organizowanie imprez rozrywkowych, turystycznych i rekreacyjno-sportowych,<br \/>i) wsp\u00f3\u0142dzia\u0142anie z plac\u00f3wkami o\u015bwiatowo-wychowawczymi, bibliotekami oraz organizacjami i stowarzyszeniami spo\u0142ecznymi w rozwijaniu i zaspokajaniu potrzeb kulturalnych spo\u0142ecze\u0144stwa gminy.<\/p>\n<p style=\"text-align: center;\">************************<\/p>\n\n\n<figure class=\"wp-block-image size-large\"><img loading=\"lazy\" decoding=\"async\" width=\"1024\" height=\"105\" src=\"http:\/\/gok.dwikozy.gmina.pl\/wp-content\/uploads\/2022\/01\/fundusze-1024x105.png\" alt=\"\" class=\"wp-image-506\" srcset=\"https:\/\/gok.dwikozy.gmina.pl\/wp-content\/uploads\/2022\/01\/fundusze-1024x105.png 1024w, https:\/\/gok.dwikozy.gmina.pl\/wp-content\/uploads\/2022\/01\/fundusze-300x31.png 300w, https:\/\/gok.dwikozy.gmina.pl\/wp-content\/uploads\/2022\/01\/fundusze-768x79.png 768w, https:\/\/gok.dwikozy.gmina.pl\/wp-content\/uploads\/2022\/01\/fundusze.png 1070w\" sizes=\"auto, (max-width: 1024px) 100vw, 1024px\" \/><\/figure>\n\n\n\n<p class=\"has-text-align-center\"><strong>Gminny O\u015brodek Kultury w Dwikozach bierze udzia\u0142 w Projekcie<\/strong><br><strong>&#8222;TIK w instytucji kultury#2&#8221;<\/strong><\/p>\n\n\n\n<p class=\"has-text-align-left\"><br>Stowarzyszenie Nowe Oblicze Edukacji realizuje projekt &#8222;TIK w instytucji kultury#2\u201d, kt\u00f3rego celem jest rozw\u00f3j kompetencji cyfrowych w\u015br\u00f3d pracownik\u00f3w gminnych samorz\u0105dowych instytucji kultury oraz uczni\u00f3w w wieku 10-18 lat z terenu woj. \u015bwi\u0119tokrzyskiego (podregion sandomiersko \u2013 j\u0119drzejowski). Projekt jest wsp\u00f3\u0142finansowany ze \u015brodk\u00f3w Europejskiego Funduszu Rozwoju Regionalnego w ramach Programu Operacyjnego Polska Cyfrowa (dzia\u0142anie 3.2 \u201eInnowacyjne rozwi\u0105zania na rzecz aktywizacji cyfrowej\u201d).<\/p>\n\n\n\n<figure class=\"wp-block-image size-large\"><img loading=\"lazy\" decoding=\"async\" width=\"717\" height=\"1024\" src=\"http:\/\/gok.dwikozy.gmina.pl\/wp-content\/uploads\/2022\/01\/680x980-plakat-tik-w-instytucji-kultury_02-1-pdf-717x1024.jpg\" alt=\"\" class=\"wp-image-504\" srcset=\"https:\/\/gok.dwikozy.gmina.pl\/wp-content\/uploads\/2022\/01\/680x980-plakat-tik-w-instytucji-kultury_02-1-pdf-717x1024.jpg 717w, https:\/\/gok.dwikozy.gmina.pl\/wp-content\/uploads\/2022\/01\/680x980-plakat-tik-w-instytucji-kultury_02-1-pdf-210x300.jpg 210w, https:\/\/gok.dwikozy.gmina.pl\/wp-content\/uploads\/2022\/01\/680x980-plakat-tik-w-instytucji-kultury_02-1-pdf-768x1097.jpg 768w, https:\/\/gok.dwikozy.gmina.pl\/wp-content\/uploads\/2022\/01\/680x980-plakat-tik-w-instytucji-kultury_02-1-pdf-1076x1536.jpg 1076w, https:\/\/gok.dwikozy.gmina.pl\/wp-content\/uploads\/2022\/01\/680x980-plakat-tik-w-instytucji-kultury_02-1-pdf-1434x2048.jpg 1434w, https:\/\/gok.dwikozy.gmina.pl\/wp-content\/uploads\/2022\/01\/680x980-plakat-tik-w-instytucji-kultury_02-1-pdf-scaled.jpg 1793w\" sizes=\"auto, (max-width: 717px) 100vw, 717px\" \/><\/figure>\n\n\n<div class=\"wp-block-image\">\n<figure class=\"aligncenter size-large\"><img loading=\"lazy\" decoding=\"async\" width=\"400\" height=\"107\" src=\"http:\/\/gok.dwikozy.gmina.pl\/wp-content\/uploads\/2022\/01\/logo-tik-2.png\" alt=\"\" class=\"wp-image-505\" srcset=\"https:\/\/gok.dwikozy.gmina.pl\/wp-content\/uploads\/2022\/01\/logo-tik-2.png 400w, https:\/\/gok.dwikozy.gmina.pl\/wp-content\/uploads\/2022\/01\/logo-tik-2-300x80.png 300w\" sizes=\"auto, (max-width: 400px) 100vw, 400px\" \/><\/figure>\n<\/div>\n\n\n<p>Wi\u0119cej informacji o projekcie: <a href=\"https:\/\/tikwinstytucjikultury2.pl\/\" target=\"_blank\" rel=\"noreferrer noopener\">LINK&gt;&gt;<\/a><\/p>\n","protected":false},"excerpt":{"rendered":"<p>Zapraszamy do udzia\u0142u w konkursach organizowanych przez GOK w Dwikozach.Konkursy s\u0105 cz\u0119\u015bci\u0105 projektu &#8222;Wyzwalamy Tw\u00f3rcz\u0105 energi\u0119&#8221;, wsp\u00f3\u0142finansowanego ze \u015brodk\u00f3wFundacji ORLEN im. Ignacego \u0141ukasiewicza. Regulaminy i karty zg\u0142osze\u0144 w konkursach: Konkurs &#8230;<\/p>\n","protected":false},"author":1,"featured_media":997,"parent":0,"menu_order":0,"comment_status":"closed","ping_status":"closed","template":"","meta":{"footnotes":""},"class_list":["post-69","page","type-page","status-publish","has-post-thumbnail","hentry"],"_links":{"self":[{"href":"https:\/\/gok.dwikozy.gmina.pl\/index.php?rest_route=\/wp\/v2\/pages\/69","targetHints":{"allow":["GET"]}}],"collection":[{"href":"https:\/\/gok.dwikozy.gmina.pl\/index.php?rest_route=\/wp\/v2\/pages"}],"about":[{"href":"https:\/\/gok.dwikozy.gmina.pl\/index.php?rest_route=\/wp\/v2\/types\/page"}],"author":[{"embeddable":true,"href":"https:\/\/gok.dwikozy.gmina.pl\/index.php?rest_route=\/wp\/v2\/users\/1"}],"replies":[{"embeddable":true,"href":"https:\/\/gok.dwikozy.gmina.pl\/index.php?rest_route=%2Fwp%2Fv2%2Fcomments&post=69"}],"version-history":[{"count":80,"href":"https:\/\/gok.dwikozy.gmina.pl\/index.php?rest_route=\/wp\/v2\/pages\/69\/revisions"}],"predecessor-version":[{"id":1114,"href":"https:\/\/gok.dwikozy.gmina.pl\/index.php?rest_route=\/wp\/v2\/pages\/69\/revisions\/1114"}],"wp:featuredmedia":[{"embeddable":true,"href":"https:\/\/gok.dwikozy.gmina.pl\/index.php?rest_route=\/wp\/v2\/media\/997"}],"wp:attachment":[{"href":"https:\/\/gok.dwikozy.gmina.pl\/index.php?rest_route=%2Fwp%2Fv2%2Fmedia&parent=69"}],"curies":[{"name":"wp","href":"https:\/\/api.w.org\/{rel}","templated":true}]}}